{"id":101,"date":"2022-04-06T19:37:00","date_gmt":"2022-04-06T19:37:00","guid":{"rendered":"http:\/\/dmmp.upb.ro\/?page_id=101"},"modified":"2022-04-06T19:39:38","modified_gmt":"2022-04-06T19:39:38","slug":"ch103","status":"publish","type":"page","link":"https:\/\/dmmp.upb.ro\/index.php\/ch103\/","title":{"rendered":"CH103"},"content":{"rendered":"\n<div class=\"wp-block-image\"><figure class=\"aligncenter size-full\"><img loading=\"lazy\" decoding=\"async\" width=\"624\" height=\"468\" src=\"https:\/\/dmmp.upb.ro\/wp-content\/uploads\/2022\/04\/image.png\" alt=\"\" class=\"wp-image-102\" srcset=\"https:\/\/dmmp.upb.ro\/wp-content\/uploads\/2022\/04\/image.png 624w, https:\/\/dmmp.upb.ro\/wp-content\/uploads\/2022\/04\/image-300x225.png 300w, https:\/\/dmmp.upb.ro\/wp-content\/uploads\/2022\/04\/image-380x285.png 380w, https:\/\/dmmp.upb.ro\/wp-content\/uploads\/2022\/04\/image-285x214.png 285w\" sizes=\"auto, (max-width: 624px) 100vw, 624px\" \/><figcaption>Motor pas cu pas rotativ + servoamplificator + plac\u0103 de achizi\u0163ie<\/figcaption><\/figure><\/div>\n\n\n\n<div class=\"wp-block-image\"><figure class=\"aligncenter size-full\"><img loading=\"lazy\" decoding=\"async\" width=\"328\" height=\"437\" src=\"https:\/\/dmmp.upb.ro\/wp-content\/uploads\/2022\/04\/image-1.png\" alt=\"\" class=\"wp-image-103\" srcset=\"https:\/\/dmmp.upb.ro\/wp-content\/uploads\/2022\/04\/image-1.png 328w, https:\/\/dmmp.upb.ro\/wp-content\/uploads\/2022\/04\/image-1-225x300.png 225w\" sizes=\"auto, (max-width: 328px) 100vw, 328px\" \/><figcaption>Traductor de presiune \u015fi traductor de deplasare CMOS<\/figcaption><\/figure><\/div>\n\n\n\n<div class=\"wp-block-image\"><figure class=\"aligncenter size-full\"><img loading=\"lazy\" decoding=\"async\" width=\"324\" height=\"432\" src=\"https:\/\/dmmp.upb.ro\/wp-content\/uploads\/2022\/04\/image-2.png\" alt=\"\" class=\"wp-image-104\" srcset=\"https:\/\/dmmp.upb.ro\/wp-content\/uploads\/2022\/04\/image-2.png 324w, https:\/\/dmmp.upb.ro\/wp-content\/uploads\/2022\/04\/image-2-225x300.png 225w\" sizes=\"auto, (max-width: 324px) 100vw, 324px\" \/><figcaption>Traductor de for\u0163\u0103 + instala\u0163ia complex\u0103<\/figcaption><\/figure><\/div>\n\n\n\n<div class=\"wp-block-image\"><figure class=\"aligncenter size-full\"><img loading=\"lazy\" decoding=\"async\" width=\"429\" height=\"572\" src=\"https:\/\/dmmp.upb.ro\/wp-content\/uploads\/2022\/04\/image-3.png\" alt=\"\" class=\"wp-image-106\" srcset=\"https:\/\/dmmp.upb.ro\/wp-content\/uploads\/2022\/04\/image-3.png 429w, https:\/\/dmmp.upb.ro\/wp-content\/uploads\/2022\/04\/image-3-225x300.png 225w\" sizes=\"auto, (max-width: 429px) 100vw, 429px\" \/><figcaption>Aparat pentru verificarea angren\u0103rii pe dou\u0103 flancuri<\/figcaption><\/figure><\/div>\n\n\n\n<div class=\"wp-block-image\"><figure class=\"aligncenter size-full\"><img loading=\"lazy\" decoding=\"async\" width=\"436\" height=\"327\" src=\"https:\/\/dmmp.upb.ro\/wp-content\/uploads\/2022\/04\/image-4.png\" alt=\"\" class=\"wp-image-107\" srcset=\"https:\/\/dmmp.upb.ro\/wp-content\/uploads\/2022\/04\/image-4.png 436w, https:\/\/dmmp.upb.ro\/wp-content\/uploads\/2022\/04\/image-4-300x225.png 300w, https:\/\/dmmp.upb.ro\/wp-content\/uploads\/2022\/04\/image-4-380x285.png 380w, https:\/\/dmmp.upb.ro\/wp-content\/uploads\/2022\/04\/image-4-285x214.png 285w\" sizes=\"auto, (max-width: 436px) 100vw, 436px\" \/><figcaption>Aparat pentru verificarea angren\u0103rii pe dou\u0103 flancuri \u2013 detaliu<\/figcaption><\/figure><\/div>\n\n\n\n<div class=\"wp-block-image\"><figure class=\"aligncenter size-full\"><img loading=\"lazy\" decoding=\"async\" width=\"410\" height=\"307\" src=\"https:\/\/dmmp.upb.ro\/wp-content\/uploads\/2022\/04\/image-5.png\" alt=\"\" class=\"wp-image-109\" srcset=\"https:\/\/dmmp.upb.ro\/wp-content\/uploads\/2022\/04\/image-5.png 410w, https:\/\/dmmp.upb.ro\/wp-content\/uploads\/2022\/04\/image-5-300x225.png 300w, https:\/\/dmmp.upb.ro\/wp-content\/uploads\/2022\/04\/image-5-380x285.png 380w, https:\/\/dmmp.upb.ro\/wp-content\/uploads\/2022\/04\/image-5-285x214.png 285w\" sizes=\"auto, (max-width: 410px) 100vw, 410px\" \/><\/figure><\/div>\n\n\n\n<div class=\"wp-block-image\"><figure class=\"aligncenter size-full\"><img loading=\"lazy\" decoding=\"async\" width=\"415\" height=\"311\" src=\"https:\/\/dmmp.upb.ro\/wp-content\/uploads\/2022\/04\/image-6.png\" alt=\"\" class=\"wp-image-110\" srcset=\"https:\/\/dmmp.upb.ro\/wp-content\/uploads\/2022\/04\/image-6.png 415w, https:\/\/dmmp.upb.ro\/wp-content\/uploads\/2022\/04\/image-6-300x225.png 300w, https:\/\/dmmp.upb.ro\/wp-content\/uploads\/2022\/04\/image-6-380x285.png 380w, https:\/\/dmmp.upb.ro\/wp-content\/uploads\/2022\/04\/image-6-285x214.png 285w\" sizes=\"auto, (max-width: 415px) 100vw, 415px\" \/><\/figure><\/div>\n\n\n\n<div class=\"wp-block-image\"><figure class=\"aligncenter size-full\"><img loading=\"lazy\" decoding=\"async\" width=\"416\" height=\"312\" src=\"https:\/\/dmmp.upb.ro\/wp-content\/uploads\/2022\/04\/image-7.png\" alt=\"\" class=\"wp-image-111\" srcset=\"https:\/\/dmmp.upb.ro\/wp-content\/uploads\/2022\/04\/image-7.png 416w, https:\/\/dmmp.upb.ro\/wp-content\/uploads\/2022\/04\/image-7-300x225.png 300w, https:\/\/dmmp.upb.ro\/wp-content\/uploads\/2022\/04\/image-7-380x285.png 380w, https:\/\/dmmp.upb.ro\/wp-content\/uploads\/2022\/04\/image-7-285x214.png 285w\" sizes=\"auto, (max-width: 416px) 100vw, 416px\" \/><\/figure><\/div>\n\n\n\n<div class=\"wp-block-image\"><figure class=\"aligncenter size-full\"><img loading=\"lazy\" decoding=\"async\" width=\"418\" height=\"313\" src=\"https:\/\/dmmp.upb.ro\/wp-content\/uploads\/2022\/04\/image-8.png\" alt=\"\" class=\"wp-image-112\" srcset=\"https:\/\/dmmp.upb.ro\/wp-content\/uploads\/2022\/04\/image-8.png 418w, https:\/\/dmmp.upb.ro\/wp-content\/uploads\/2022\/04\/image-8-300x225.png 300w, https:\/\/dmmp.upb.ro\/wp-content\/uploads\/2022\/04\/image-8-380x285.png 380w, https:\/\/dmmp.upb.ro\/wp-content\/uploads\/2022\/04\/image-8-285x214.png 285w\" sizes=\"auto, (max-width: 418px) 100vw, 418px\" \/><\/figure><\/div>\n","protected":false},"excerpt":{"rendered":"","protected":false},"author":1,"featured_media":0,"parent":0,"menu_order":0,"comment_status":"closed","ping_status":"closed","template":"","meta":{"footnotes":""},"class_list":["post-101","page","type-page","status-publish","hentry"],"_links":{"self":[{"href":"https:\/\/dmmp.upb.ro\/index.php\/wp-json\/wp\/v2\/pages\/101","targetHints":{"allow":["GET"]}}],"collection":[{"href":"https:\/\/dmmp.upb.ro\/index.php\/wp-json\/wp\/v2\/pages"}],"about":[{"href":"https:\/\/dmmp.upb.ro\/index.php\/wp-json\/wp\/v2\/types\/page"}],"author":[{"embeddable":true,"href":"https:\/\/dmmp.upb.ro\/index.php\/wp-json\/wp\/v2\/users\/1"}],"replies":[{"embeddable":true,"href":"https:\/\/dmmp.upb.ro\/index.php\/wp-json\/wp\/v2\/comments?post=101"}],"version-history":[{"count":3,"href":"https:\/\/dmmp.upb.ro\/index.php\/wp-json\/wp\/v2\/pages\/101\/revisions"}],"predecessor-version":[{"id":113,"href":"https:\/\/dmmp.upb.ro\/index.php\/wp-json\/wp\/v2\/pages\/101\/revisions\/113"}],"wp:attachment":[{"href":"https:\/\/dmmp.upb.ro\/index.php\/wp-json\/wp\/v2\/media?parent=101"}],"curies":[{"name":"wp","href":"https:\/\/api.w.org\/{rel}","templated":true}]}}