{"id":65,"date":"2022-04-06T18:51:45","date_gmt":"2022-04-06T18:51:45","guid":{"rendered":"http:\/\/dmmp.upb.ro\/?page_id=65"},"modified":"2022-04-06T18:51:45","modified_gmt":"2022-04-06T18:51:45","slug":"comunicari-stiintifice-2019","status":"publish","type":"page","link":"https:\/\/dmmp.upb.ro\/index.php\/comunicari-stiintifice-2019\/","title":{"rendered":"Comunicari Stiintifice 2019"},"content":{"rendered":"\n<h1 class=\"wp-block-heading\">Sesiunea de Comunicari Stiintifice Studentesti 2019<\/h1>\n\n\n\n<p>\u00cen ziua de 10 mai 2019 a avut loc la Departamentul de Inginerie Mecanica si Mecatronica din cadrul Facult\u0103\u0163ii de Inginerie Mecanic\u0103 \u015fi Mecatronic\u0103 Sesiunea de Comunic\u0103ri \u015etiin\u0163ifice Studen\u0163e\u015fti 2019<\/p>\n\n\n\n<h4 class=\"wp-block-heading\">Sec\u0163iunea 05 \u2013 <strong>4<\/strong>, <strong>Mecatronic\u0103<\/strong><\/h4>\n\n\n\n<p><strong>PREMII:<\/strong><br><strong>Locul I:&nbsp;Quadcopter dotat cu sistem de orientare \u0219i apucare pentru lansarea \u0219i recuperarea robo\u021bilor mobili<\/strong><br><em>Studenti: <\/em>Andrei CHITA, Ionu\u021b TUSCA, Facultatea Inginerie Mecanic\u0103 \u0219i Mecatronic\u0103<br><em>Conduc\u0103tor<\/em> <em>\u0219tiin\u021bific<\/em>: \u0218.l.dr.ing. Victor CONSTANTIN, Departamentul Mecatronic\u0103 \u0219i Mecanic\u0103 de Precizie<\/p>\n\n\n\n<p><strong>Locul II: Modelarea tridimensional\u0103 a subansamblului ro\u021bilor motoare al monopostului proiectat pentru concursul \u201cFormula Student\u201d<\/strong><em>Studenti<\/em>: Ilie Constantin RO\u0218IANU, Raul-Alexandru H\u0102N\u021aA\u0218CU, Facultatea Inginerie Mecanic\u0103 \u0219i Mecatronic\u0103<br><em>Conduc\u0103tori \u0219tiin\u021bifici<\/em>: Conf.dr.ing. Alina Sp\u00e2nu , \u0218.l.dr.ing. Cristian-Gabriel ALIONTE,&nbsp; Departamentul Mecatronic\u0103 \u0219i Mecanic\u0103 de Precizie<\/p>\n\n\n\n<p><strong>Locul III: Translator de voce, bazat pe AI, in cod morse<\/strong><em>Studenti<\/em>: Andra Daria Du\u021b\u0103, Vlad Andrei Hanganu, Facultatea Inginerie Mecanic\u0103 \u0219i Mecatronic\u0103<br><em>Conduc\u0103tor \u0219tiin\u021bific<\/em>: Prof.dr.ing. Constantin Daniel COMEAG\u0102,&nbsp; Departamentul Mecatronic\u0103 \u0219i Mecanic\u0103 de Precizie<\/p>\n\n\n\n<p><strong>Mentiune: Program pentru recunoa\u0219terea corpurilor sferice dedicat robotului RB6CCV1<\/strong><em>Student<\/em>: Corina COBZAC, Facultatea Inginerie Mecanic\u0103 \u0219i Mecatronic\u0103<br><em>Conduc\u0103tori \u0219tiin\u021bifici<\/em>: \u0218.l.dr.ing. Cristian Gabriel ALIONTE, Conf.dr.ing. Ciprian Ion RIZESCU, Departamentul Mecatronic\u0103 \u0219i Mecanic\u0103 de Precizie<\/p>\n\n\n\n<h4 class=\"wp-block-heading\">Sec\u0163iunea 05 \u2013 5, <strong>Mecanic\u0103 fin\u0103 \u0219i nanotehnologii<\/strong><\/h4>\n\n\n\n<p><strong>PREMII:<\/strong><br><strong>Locul I:&nbsp;Cercet\u0103ri privind sistemele de tip Smart Mirror<\/strong><br><em>Studen\u021b<\/em>: Cosmin-Andrei DAMIAN, Facultatea Inginerie Mecanic\u0103 \u0219i Mecatronic\u0103<br><em>Conduc\u0103tori<\/em> <em>\u0219tiin\u021bifici<\/em>: \u0218.l.dr.ing. Ioana Udrea, \u0218.l.dr.ing. Cristian-Gabriel ALIONTE, Departamentul Mecatronic\u0103 \u0219i Mecanic\u0103 de Precizie<\/p>\n\n\n\n<p><strong>Locul II: Bra\u021b robotic utilizat \u00eentr-o platform\u0103 robotic\u0103 dedicat\u0103 stingerii incendiilor<\/strong><em>Student<\/em>: Sebastian GAVRIL\u0102, Facultatea Inginerie Mecanic\u0103 \u0219i Mecatronic\u0103<br><em>Conduc\u0103tor \u0219tiin\u021bific<\/em>: \u0218.l.dr.ing. Cristian-Gabriel ALIONTE, Departamentul Mecatronic\u0103 \u0219i Mecanic\u0103 de Precizie<\/p>\n\n\n\n<p><strong>Locul III: Program dedicat m\u0103sur\u0103rii inteligente a distan\u021belor<\/strong><em>Studenti<\/em>: Emilian IGNAT, Marius-Cristian IONESCU, Alexandru OVEDENIE, Facultatea Inginerie Mecanic\u0103 \u0219i Mecatronic\u0103<br><em>Conduc\u0103tori \u0219tiin\u021bifici<\/em>: \u0218.l.dr.ing. Ioana Udrea, \u0218.l.dr.ing. Cristian-Gabriel ALIONTE, Departamentul Mecatronic\u0103 \u0219i Mecanic\u0103 de Precizie<\/p>\n\n\n\n<p><strong>Mentiune: Sistem mecatronic muzical<\/strong><em>Studenti<\/em>: Stefan Alexandru CORCODEL, Ecaterina IGNATOV, Facultatea Inginerie Mecanic\u0103 \u0219i Mecatronic\u0103<br><em>Conduc\u0103tori \u0219tiin\u021bifici<\/em>: \u0218.l.dr.ing. Ioana Udrea, \u0218.l.dr.ing. Cristian-Gabriel ALIONTE, Departamentul Mecatronic\u0103 \u0219i Mecanic\u0103 de Precizie<\/p>\n\n\n\n<h4 class=\"wp-block-heading\">Sec\u0163iunea 05 \u2013 <strong>6<\/strong>, <strong>Optometrie<\/strong><\/h4>\n\n\n\n<p><strong>PREMII:<\/strong><strong><br>Locul I: Dezvoltarea unui pagini web pentru un cabinet de optometrie<\/strong><br><em>Studenti: <\/em>Mihai TUDOR, Andrei BI\u021a\u0102, Facultatea Inginerie Mecanic\u0103 \u0219i Mecatronic\u0103<br><em>Conduc\u0103tori<\/em> <em>\u0219tiin\u021bifici<\/em>: Conf.dr.ing. Ciprian Ion RIZESCU, \u0218.l.dr.ing. Cristian-Gabriel ALIONTE , Departamentul Mecatronic\u0103 \u0219i Mecanic\u0103 de Precizie<\/p>\n\n\n\n<p><strong>Locul II: Cercet\u0103ri teoretice privind bolile rare ale ochiului uman<\/strong><em>Studenti<\/em>: Ana Maria DANDO\u0218, Lorena-Daniela R\u0102DUCU, Facultatea Inginerie Mecanic\u0103 \u0219i Mecatronic\u0103<br><em>Conduc\u0103tori \u0219tiin\u021bifici<\/em>: prof.dr.ing. Daniel-Constantin COMEAG\u0102, \u0218.l.dr.ing. Cristian-Gabriel ALIONTE , Departamentul Mecatronic\u0103 \u0219i Mecanic\u0103 de Precizie<\/p>\n\n\n\n<p><strong>Locul III: Mijloace optice \u0219i electronice pentru \u00eembun\u0103t\u0103\u021birea vederii slabet pe AI, in cod morse<\/strong><em>Student<\/em>: Andreea Georgiana NICOL\u0102ESCU, Facultatea Inginerie Mecanic\u0103 \u0219i Mecatronic\u0103<br><em>Conduc\u0103tori \u0219tiin\u021bifici<\/em>: \u0218.l.dr.ing. Dana RIZESCU, \u0218.l.dr.ing. Silviu Petrache Departamentul Mecatronic\u0103 \u0219i Mecanic\u0103 de Precizie<\/p>\n\n\n\n<p><strong>Mentiune: Studiu privind lentilele progresive<\/strong><em>Studenti<\/em>: Sorina-Mariana ANTON, Andrei-Marian P\u00ceSL\u0102, Alina-Mihaela ST\u0102NESCU, Facultatea Inginerie Mecanic\u0103 \u0219i Mecatronic\u0103<br><em>Conduc\u0103tor<\/em> <em>\u0219tiin\u021bific &nbsp;<\/em>: \u0218.l.dr.ing. Cristian-Gabriel ALIONTE , Departamentul Mecatronic\u0103 \u0219i Mecanic\u0103 de Precizie<\/p>\n","protected":false},"excerpt":{"rendered":"<p>Sesiunea de Comunicari Stiintifice Studentesti 2019 \u00cen ziua de 10 mai 2019 a avut loc la Departamentul de Inginerie Mecanica si Mecatronica din cadrul Facult\u0103\u0163ii de Inginerie Mecanic\u0103 \u015fi Mecatronic\u0103 Sesiunea de Comunic\u0103ri \u015etiin\u0163ifice Studen\u0163e\u015fti 2019 Sec\u0163iunea 05 \u2013 4, Mecatronic\u0103 PREMII:Locul I:&nbsp;Quadcopter dotat cu sistem de orientare \u0219i apucare pentru lansarea \u0219i recuperarea robo\u021bilor<\/p>\n<p class=\"more-link\"><a href=\"https:\/\/dmmp.upb.ro\/index.php\/comunicari-stiintifice-2019\/\" class=\"themebutton\">Read More<\/a><\/p>\n","protected":false},"author":1,"featured_media":0,"parent":0,"menu_order":0,"comment_status":"closed","ping_status":"closed","template":"","meta":{"footnotes":""},"class_list":["post-65","page","type-page","status-publish","hentry"],"_links":{"self":[{"href":"https:\/\/dmmp.upb.ro\/index.php\/wp-json\/wp\/v2\/pages\/65","targetHints":{"allow":["GET"]}}],"collection":[{"href":"https:\/\/dmmp.upb.ro\/index.php\/wp-json\/wp\/v2\/pages"}],"about":[{"href":"https:\/\/dmmp.upb.ro\/index.php\/wp-json\/wp\/v2\/types\/page"}],"author":[{"embeddable":true,"href":"https:\/\/dmmp.upb.ro\/index.php\/wp-json\/wp\/v2\/users\/1"}],"replies":[{"embeddable":true,"href":"https:\/\/dmmp.upb.ro\/index.php\/wp-json\/wp\/v2\/comments?post=65"}],"version-history":[{"count":1,"href":"https:\/\/dmmp.upb.ro\/index.php\/wp-json\/wp\/v2\/pages\/65\/revisions"}],"predecessor-version":[{"id":66,"href":"https:\/\/dmmp.upb.ro\/index.php\/wp-json\/wp\/v2\/pages\/65\/revisions\/66"}],"wp:attachment":[{"href":"https:\/\/dmmp.upb.ro\/index.php\/wp-json\/wp\/v2\/media?parent=65"}],"curies":[{"name":"wp","href":"https:\/\/api.w.org\/{rel}","templated":true}]}}